ppose -5*g + 4*m + 3 = -0, -2*g = -4*m + w. List the prime factors of g.
3
Suppose 0*g - 4*g = -8. Suppose -4*o = -20, 2*j + o = g + 27. Suppose -4*b - j = -8*b. List the prime factors of b.
3
Let n(g) be the first derivative of g**3/3 - g**2 + 2*g - 2. Let q be n(2). Suppose -q*u = x + 3 - 2, 3*u + 5*x = -19. What are the prime factors of u?
2
Suppose 3*t + t - 12 = 0. Let z(y) = -y - 2 + y**3 + 6*y - t*y. List the prime factors of z(2).
2, 5
Let h(u) = 27*u + 2. Suppose -5*g + 10 + 6 = -4*i, i + 4*g = 17. What are the prime factors of h(i)?
29
Let q(y) = -y**2 - y. Let b be q(-6). Let c be b/(-8) + (-1)/(-4). Suppose i - c*h + 5 = 0, 4*i - h + 4*h = 37. What are the prime factors of i?
7
Suppose 291 = -2*p + 769. List the prime factors of p.
239
Let j(y) = 7*y**2 - 12*y + 13. Let l(g) = 11*g**2 - 18*g + 19. Let m(f) = -8*j(f) + 5*l(f). Let k be m(6). Let u = -4 - k. List the prime factors of u.
5
Let d(m) be the second derivative of 2*m + 3/4*m**4 + 0*m**3 + 0 + 0*m**2. List the prime factors of d(1).
3
List the prime factors of 17/(-2)*((-5)/1 - 9).
7, 17
Let r(h) = 30*h**2 + 2*h - 3. List the prime factors of r(2).
11
Suppose -k - k = 0. Suppose 3*c - 15 = -k*c, 22 = -t + 2*c. Let f = 20 + t. List the prime factors of f.
2
Let n(h) = -h**2 + 9*h - 4. Let c be n(5). Let p(u) = 5*u + 0 - c*u - 1. List the prime factors of p(-1).
2, 5
Let b be (-2)/9 + (-122)/18. Let d be (4 + -74)/(-5) + -3. Let n = b + d. List the prime factors of n.
2
Let u(b) = 40*b**2 - 2*b + 1. What are the prime factors of u(1)?
3, 13
What are the prime factors of ((-85)/(-20))/((-2)/(-8))?
17
Suppose -3*w = -3*b + 255, -b + 3*w + 168 = b. What are the prime factors of b?
3, 29
Suppose v - 3*v = 3*i + 60, 4*i - 5*v = -80. Let a = i + 47. What are the prime factors of a?
3
Let q = -6 - -8. What are the prime factors of (q + 5)*1*3?
3, 7
Suppose -15 = -5*l + 15. List the prime factors of l.
2, 3
Let q(j) = 9 - 1 + 0*j**2 + 4*j**2 - 3*j**2 - 8*j. What are the prime factors of q(8)?
2
Let a = 230 + -76. What are the prime factors of a?
2, 7, 11
Let t = -6432 + 4232. List the prime factors of ((-2)/5)/(20/t).
2, 11
Suppose 608 = 5*z + 3*h, -2*h + 364 = 2*z + z. What are the prime factors of z?
2, 31
Let m(t) be the first derivative of -2 + 3/2*t**2 - t. What are the prime factors of m(6)?
17
Let o = 237 - 155. List the prime factors of o.
2, 41
Let h be (7*1)/(4 + -5). Let k = -4 - h. Suppose -d + 26 = 3*d + 5*q, -k*d - 3*q + 21 = 0. List the prime factors of d.
3
Let o = 46 + -24. Suppose o = 5*z - 3. Suppose -i + n + 1 = -3*n, -z*i = -n - 62. What are the prime factors of i?
13
Suppose 0 = -3*h + 7*h - 48. Let w = 7 + -4. List the prime factors of (0 + -1)*(w - h).
3
Suppose 2*t - 155 = -3*t. Let r = 58 - t. List the prime factors of r.
3
Let v = 16 - 14. Suppose v*r = 36 + 32. List the prime factors of r.
2, 17
Suppose 5*o - 303 = 592. List the prime factors of o.
179
Let h(x) = 10*x**2 - 24*x + 34. Let m(l) = 7*l**2 - 16*l + 23. Let n(v) = -5*h(v) + 7*m(v). List the prime factors of n(6).
3
Suppose -5*w + q - 4*q = -80, 0 = -2*q - 10. What are the prime factors of w?
19
Let i = -3 - -9. Let w(d) = -4*d + i*d - d + 5. List the prime factors of w(10).
3, 5
Let x = 0 - -2. Suppose 0 = -x*j - 2*j + 12. Suppose -45 = -2*r - j*r. What are the prime factors of r?
3
Let i be (-3 - -2)*-1 + 1. Suppose i = 4*s - 18. Suppose -z - 20 = -s*z. List the prime factors of z.
5
Let i = -14 - -35. Let n = i - -13. List the prime factors of n.
2, 17
Let o be (-2 - (-6)/4)*-10. Suppose -o*r + 3*x = -15, 6 = 4*r - 5*x - 6. Suppose -r*q = 13 - 73. What are the prime factors of q?
2, 5
Let i = 7 - 2. Let u(l) = -l**3 + 7*l**2 - 8*l + 4. Let b be u(i). Suppose 0 = 3*o + 2 - b. What are the prime factors of o?
2
Suppose -5*q - 21 + 111 = 0. Let z = 13 + q. What are the prime factors of z?
31
List the prime factors of (-1)/(5/51)*-15.
3, 17
Let x = -50 - -54. Let z(b) = -b**3 + 7*b**2 - 7*b + 8. Let g be z(6). What are the prime factors of 2/4*g*x?
2
Let d = -29 + 68. Suppose -d = 4*r + 1. Let s(m) = -m**2 - 10*m + 7. List the prime factors of s(r).
7
Suppose 85*v - 88*v + 573 = 0. What are the prime factors of v?
191
Suppose -3*c - 5*k + 0*k = -11, 0 = 3*k + 15. List the prime factors of c.
2, 3
Let l(q) = q**3 - 4*q**2 - 1. Let i be l(5). Let r(k) = -2*k + 4. Let j be r(7). Let y = j + i. What are the prime factors of y?
2, 7
Let p(r) = -3*r - 3. Let i(w) = -1. Let j(n) = 5*i(n) - p(n). What are the prime factors of j(3)?
7
Let v(h) = h + 1. Let r be v(-3). Let m(i) = 3*i**2 + 2 - i**2 + 3*i - 1. What are the prime factors of m(r)?
3
Suppose 2*c + 12 = -2*c. What are the prime factors of 4/c*(-15)/2?
2, 5
Let l(k) = k**2 + 8*k + 8. Suppose 4*o + r + 22 = 0, o - 4*r = 5*o + 16. Let u be l(o). Let t = 6 + u. What are the prime factors of t?
2
Let k = 6 + -6. Suppose -5*p + p + 16 = k. List the prime factors of p.
2
Suppose i - 6 - 3 = 0. List the prime factors of i.
3
Suppose 0*u + 216 = 4*u. What are the prime factors of u?
2, 3
Suppose -2*l = -3*o - o - 94, 3*o = -3. Suppose 4*q + 5*v - l = 0, v = 5*q - 3*v - 87. Let b = -9 + q. List the prime factors of b.
2, 3
Suppose 0 = 3*i - 0*i - 12. List the prime factors of ((-2)/i)/((-1)/14).
7
Let o = 3 + -3. Suppose o = -6*r + r + 50. What are the prime factors of r?
2, 5
Let m(k) be the second derivative of -k**3/6 + 6*k**2 - 26*k. Suppose j - 5 - 1 = 0. List the prime factors of m(j).
2, 3
List the prime factors of ((-6)/(-8))/((-4)/(-64)*4).
3
List the prime factors of 3 + (-5)/(20/(-144)) - -2.
41
What are the prime factors of 12 - (3 + -3 - -1)?
11
Let q be ((-6)/9)/((-2)/21). Let m(r) = r**2 - 5*r - 10. List the prime factors of m(q).
2
Let i be (-4 - 0)*(-3)/4. Suppose -j = -i*j. Suppose -a - y + j*y = -11, 3*y = 4*a - 44. List the prime factors of a.
11
Suppose j - 4*a = -13, -a = -0*a - 5. List the prime factors of j.
7
Let l(c) be the second derivative of c**4/12 - c**3 + 7*c**2/2 - 2*c. List the prime factors of l(6).
7
Let b(s) = -s**2 + 3*s - 4. Let w be b(3). Let u be 7*2 - (-8)/w. Suppose 0*q + 5*q - 2*r = u, r - 7 = -4*q. List the prime factors of q.
2
Suppose -3*p + 3*r = 30, -2*p - 5*r - 5 = -2*r. Let y = -1 - p. Let m(a) = -a**3 + 6*a**2 + 2. List the prime factors of m(y).
2
What are the prime factors of (3 - (-18)/(-4))*314/(-3)?
157
Suppose c = -3*c + 40. Suppose c - 1 = 3*k. List the prime factors of (-7 - -1)*(-3)/k.
2, 3
Let q be 6/4 + (-11)/(-2). Suppose 5*t = 4*b + q*t + 8, -3*b - 6 = -t. What are the prime factors of (b/6)/((-1)/9)?
3
Let q(m) = -2*m - 8. Let t(d) = -d**3 + 3*d**2 + 2*d + 2. Let b be t(4). Let h be q(b). Suppose h*g - 2*z = 42, -g - 2 = -3*z - 5. List the prime factors of g.
2, 3
Suppose 4*x = 640 - 28. What are the prime factors of x?
3, 17
Suppose -4 = -d + 1. Suppose 2 = -2*s - d*c - 5, s = -5*c - 16. What are the prime factors of s?
3
Let v(c) = -c**2 - 8*c - 9. Let a be v(-6). Let x(m) = m**2 + 3. What are the prime factors of x(a)?
2, 3
Suppose 0 = -0*x + 3*x - 2*l - 97, -x = -5*l - 28. What are the prime factors of x?
3, 11
Let z be 1/(2/(-19))*-2. Suppose -6*b + z = -5*b. What are the prime factors of b?
19
Let q(i) = i + 7. Let h be q(-9). Let c = 5 - h. List the prime factors of c.
7
Let l(i) be the first derivative of -i**2/2 + 11*i - 1. Let v be l(11). What are the prime factors of -1 + 7 - (1 + v)?
5
Let v(p) = 4*p - 3. Let i(f) = 4*f - 3. Let c(r) = 7*i(r) - 6*v(r). List the prime factors of c(4).
13
Let w = -35 + 63. List the prime factors of w.
2, 7
Let v be 304/22 + (-24)/(-132). Let o = -11 + v. What are the prime factors of o?
3
Suppose -4*i + 6 = -2*i. Let t be -1 + -9*(-1)/(-1). List the prime factors of 3/(-2)*t/i.
5
Let c(y) = y**2 - 9*y - 5. Let u be c(8). Let k = u - -32. List the prime factors of k.
19
Let v(l) = 2*l**2 + l + 14. List the prime factors of v(-4).
2, 3, 7
Suppose 0 = h - 24 - 12. Suppose 5*b = -3*i - 11 - 9, 4*i + 8 = -2*b. Suppose -h = -3*o + 3*n, 36 = 3*o - i*n - n. List the prime factors of o.
2, 3
Let s(r) be the second derivative of -r**3/3 - 3*r**2/2 - r. Let p be (-1 - 11)/(18/9). What are the prime factors of s(p)?
3
Let a = 2 + 3. What are the prime factors of a/15 + 52/6?
3
Suppose 84 = 2*q - 5*y - 158, -5*y - 373 = -3*q. What are the prime factors of